{"id":969,"date":"2015-05-03T02:49:41","date_gmt":"2015-05-03T02:49:41","guid":{"rendered":"http:\/\/gecousb.com.ve\/?page_id=969"},"modified":"2017-02-08T00:18:02","modified_gmt":"2017-02-08T00:18:02","slug":"ing-telecomunicaciones","status":"publish","type":"page","link":"https:\/\/gecousb.com.ve\/index.php\/carreras-p-z\/ing-telecomunicaciones-2\/ing-telecomunicaciones\/","title":{"rendered":"Materias Ing.Telecom"},"content":{"rendered":"<p><strong>Primer A\u00f1o:<\/strong><\/p>\n<ul>\n<li><a href=\"http:\/\/gecousb.com.ve\/index.php\/materias\/matematicas-1-ma-1111\/#\">Matem\u00e1ticas 1 (MA-1111)<\/a>\/ <a href=\"http:\/\/gecousb.com.ve\/index.php\/materias\/matematicas-de-honor-1-ma-1121\/\">Matem\u00e1ticas de honor 1 (MA-1121)<\/a><\/li>\n<li><a href=\"http:\/\/gecousb.com.ve\/index.php\/materias\/fisica-1-fs-1111\/\">F\u00edsica 1 (FS-1111)<\/a><\/li>\n<li><a href=\"http:\/\/gecousb.com.ve\/index.php\/materias\/matematicas-2-ma-1112\/\">Matem\u00e1ticas 2 (MA-1112)<\/a>\/ <a href=\"http:\/\/gecousb.com.ve\/index.php\/materias\/matematicas-de-honor-2-ma-1122\/\">Matem\u00e1ticas de honor 2 (MA-1122)<\/a><\/li>\n<li><a href=\"http:\/\/gecousb.com.ve\/index.php\/materias\/fisica-2-fs-1112\/\">F\u00edsica 2 (FS-1112)<\/a><\/li>\n<li><a href=\"http:\/\/gecousb.com.ve\/index.php\/materias\/matematicas-3-ma-1116\/\">Matem\u00e1ticas 3 (MA-1116)<\/a>\/ <a href=\"http:\/\/gecousb.com.ve\/index.php\/materias\/matematicas-de-honor-3-ma-1123\/\">Matem\u00e1ticas de honor 3 (MA-1123)<\/a><\/li>\n<\/ul>\n<p><strong>Segundo A\u00f1o:<\/strong><\/p>\n<ul>\n<li><a href=\"http:\/\/gecousb.com.ve\/index.php\/materias\/circuitos-electricos-1-ec-1251\/\">Circuitos El\u00e9ctricos 1 (EC-1251)<\/a>\u00a0&#8211;\u00a0<a href=\"http:\/\/gecousb.com.ve\/index.php\/materias\/circuitos-electricos-ec-1211\/\">Circuitos El\u00e9ctricos (EC-1211)<\/a><\/li>\n<li><a href=\"http:\/\/gecousb.com.ve\/index.php\/materias\/fisica-3-fs-2211\/\">F\u00edsica 3 (FS-2211)<\/a><\/li>\n<li><a href=\"http:\/\/gecousb.com.ve\/index.php\/materias\/matematicas-4-ma-2115\/\">Matem\u00e1ticas 4 (MA-2115)<\/a><\/li>\n<li>Circuitos El\u00e9ctricos 2 (EC-2287)\u00a0&#8211;\u00a0<a href=\"http:\/\/gecousb.com.ve\/index.php\/materias\/analisis-de-circuitos-electricos-2-ec-2272\/\">An\u00e1lisis de Circuitos El\u00e9ctricos 2 (EC-2272)<\/a><\/li>\n<li><a href=\"http:\/\/gecousb.com.ve\/index.php\/materias\/fisica-4-fs-2212\/\">F\u00edsica 4 (FS-2212)<\/a><\/li>\n<li>Laboratorio de Circuitos (EC-1282)<\/li>\n<li><a href=\"http:\/\/gecousb.com.ve\/index.php\/materias\/matematicas-5-ma-2112\/\">Matem\u00e1ticas 5 (MA-2112)<\/a><\/li>\n<li><a href=\"http:\/\/gecousb.com.ve\/index.php\/materias\/circuitos-electronicos-ec-1113\/\">Circuitos Electr\u00f3nicos (EC-1113)<\/a>\u00a0&#8211;\u00a0<a href=\"http:\/\/gecousb.com.ve\/index.php\/materias\/circuitos-electronicos-1-ec-1177\/\">Circuitos Electr\u00f3nicos 1 (EC-1177)<\/a><\/li>\n<li><a href=\"http:\/\/gecousb.com.ve\/index.php\/materias\/computacion-1-ci-2125\/\">Computaci\u00f3n 1 (CI-2125)<\/a><\/li>\n<li><a href=\"http:\/\/gecousb.com.ve\/index.php\/materias\/matematicas-6-ma-2113\/\">Matem\u00e1ticas 6 (MA-2113)<\/a><\/li>\n<\/ul>\n<p><strong>Tercer A\u00f1o:<\/strong><\/p>\n<ul>\n<li><a href=\"http:\/\/gecousb.com.ve\/index.php\/materias\/computacion-2-ci-2126\/\">Computaci\u00f3n 2 (CI-2126)<\/a><\/li>\n<li><a href=\"http:\/\/gecousb.com.ve\/index.php\/materias\/circuitos-digitales-ec-1723\/\">Circuitos Digitales (EC-1723)<\/a><\/li>\n<li><a href=\"http:\/\/gecousb.com.ve\/index.php\/materias\/matematicas-7-ma-3111\/\">Matem\u00e1ticas 7 (MA-3111)<\/a><\/li>\n<li><a href=\"http:\/\/gecousb.com.ve\/index.php\/materias\/teoria-electromagnetica-ec-1311\/\">Teor\u00eda Electromagn\u00e9tica (EC-1311)<\/a><\/li>\n<li>Arquitectura del Computador (EC-2712)<\/li>\n<li>Fundamentos de Gerencia de Telecomunicaciones (CE-4268)<\/li>\n<li><a href=\"http:\/\/gecousb.com.ve\/index.php\/materias\/grafos-y-flujos-en-redes-ci-3621\/\">Grafos y Flujos en Redes (CI-3621)<\/a><\/li>\n<li><a href=\"http:\/\/gecousb.com.ve\/index.php\/materias\/probabilidades-para-ingenieros-co-3121\/\">Probabilidades para Ingenieros (CO-3121)<\/a><\/li>\n<li><a href=\"http:\/\/gecousb.com.ve\/index.php\/materias\/teoria-de-ondas-ec-2322\/\">Teor\u00eda de Ondas (EC-2322)<\/a><\/li>\n<li>Dispositivos para Radiocomunicaciones (EC-2323)<\/li>\n<li>Laboratorio de Arquitectura del Computador (EC-2783)<\/li>\n<li>Se\u00f1ales y Sistemas (EC-1421)<\/li>\n<li>Sistemas de Operaci\u00f3n (CI-3825)<\/li>\n<\/ul>\n<p><strong>Cuarto A\u00f1o:<\/strong><\/p>\n<ul>\n<li><a href=\"http:\/\/gecousb.com.ve\/index.php\/materias\/comunicaciones-1-ec-2422\/\">Comunicaciones 1 (EC-2422)<\/a><\/li>\n<li><a href=\"http:\/\/gecousb.com.ve\/index.php\/estadistica-para-ingenieria-co-3321\/\">Estad\u00edstica para Ingenieros (CO-3321)<\/a><\/li>\n<li><a href=\"http:\/\/gecousb.com.ve\/index.php\/materias\/gerencia-de-proyectos-ce-2562\/\">Gerencia de Proyectos (CE-2562)<\/a><\/li>\n<li>Redes de Computadoras 1 (CI-4835)<\/li>\n<li>Circuitos de Comunicaciones (EC-3142)<\/li>\n<li><a href=\"http:\/\/gecousb.com.ve\/index.php\/materias\/comunicaciones-2-ec-3423\/\">Comunicaciones 2 (EC-3423)<\/a><\/li>\n<li>Principios de Radiocomunicaciones (EC-3412)<\/li>\n<li>Redes de Computadoras 2 (CI-5832)<\/li>\n<li>Introducci\u00f3n a los Sistemas Telef\u00f3nicos (EC-4451)<\/li>\n<li>Laboratorio de Radiocomunicaciones (EC-3483)<\/li>\n<li>Redes de Computadoras 3 (CI-5833)<\/li>\n<li>Sistemas de Comunicaciones M\u00f3viles (EC-3443)<\/li>\n<\/ul>\n<p><strong>Quinto A\u00f1o:<\/strong><\/p>\n<ul>\n<li>Desempe\u00f1o y Planificaci\u00f3n de la Capacidad (CI-5841)<\/li>\n<li>Educaci\u00f3n Ambiental (EA-5365)<\/li>\n<li>Sistemas de Comunicaciones \u00d3pticas (EC-4474)<\/li>\n<li>Gesti\u00f3n de Redes de Telecomunicaciones (CI-5851)<\/li>\n<li>Marco Legal, Regulatorio y Est\u00e1ndares de las Telecomunicaciones (CE-4267)<\/li>\n<\/ul>\n","protected":false},"excerpt":{"rendered":"<p>Primer A\u00f1o: Matem\u00e1ticas 1 (MA-1111)\/ Matem\u00e1ticas de honor 1 (MA-1121) F\u00edsica 1 (FS-1111) Matem\u00e1ticas 2 (MA-1112)\/ Matem\u00e1ticas de honor 2 (MA-1122) F\u00edsica 2 (FS-1112) Matem\u00e1ticas 3 (MA-1116)\/ Matem\u00e1ticas de honor 3 (MA-1123) Segundo A\u00f1o: Circuitos El\u00e9ctricos 1 (EC-1251)\u00a0&#8211;\u00a0Circuitos El\u00e9ctricos (EC-1211) F\u00edsica 3 (FS-2211) Matem\u00e1ticas 4 (MA-2115) Circuitos El\u00e9ctricos 2 (EC-2287)\u00a0&#8211;\u00a0An\u00e1lisis de Circuitos El\u00e9ctricos 2 (EC-2272) [&hellip;]<\/p>\n","protected":false},"author":1,"featured_media":0,"parent":2648,"menu_order":0,"comment_status":"open","ping_status":"closed","template":"","meta":[],"categories":[],"tags":[],"_links":{"self":[{"href":"https:\/\/gecousb.com.ve\/index.php\/wp-json\/wp\/v2\/pages\/969"}],"collection":[{"href":"https:\/\/gecousb.com.ve\/index.php\/wp-json\/wp\/v2\/pages"}],"about":[{"href":"https:\/\/gecousb.com.ve\/index.php\/wp-json\/wp\/v2\/types\/page"}],"author":[{"embeddable":true,"href":"https:\/\/gecousb.com.ve\/index.php\/wp-json\/wp\/v2\/users\/1"}],"replies":[{"embeddable":true,"href":"https:\/\/gecousb.com.ve\/index.php\/wp-json\/wp\/v2\/comments?post=969"}],"version-history":[{"count":0,"href":"https:\/\/gecousb.com.ve\/index.php\/wp-json\/wp\/v2\/pages\/969\/revisions"}],"up":[{"embeddable":true,"href":"https:\/\/gecousb.com.ve\/index.php\/wp-json\/wp\/v2\/pages\/2648"}],"wp:attachment":[{"href":"https:\/\/gecousb.com.ve\/index.php\/wp-json\/wp\/v2\/media?parent=969"}],"wp:term":[{"taxonomy":"category","embeddable":true,"href":"https:\/\/gecousb.com.ve\/index.php\/wp-json\/wp\/v2\/categories?post=969"},{"taxonomy":"post_tag","embeddable":true,"href":"https:\/\/gecousb.com.ve\/index.php\/wp-json\/wp\/v2\/tags?post=969"}],"curies":[{"name":"wp","href":"https:\/\/api.w.org\/{rel}","templated":true}]}}