{"id":7323,"date":"2016-06-24T16:11:10","date_gmt":"2016-06-24T16:11:10","guid":{"rendered":"http:\/\/gecousb.com.ve\/?page_id=7323"},"modified":"2019-03-02T20:41:52","modified_gmt":"2019-03-02T20:41:52","slug":"consejos-vida-estudiantil","status":"publish","type":"page","link":"https:\/\/gecousb.com.ve\/index.php\/seccion-de-consejos\/consejos-vida-estudiantil\/","title":{"rendered":"Consejos Vida Estudiantil"},"content":{"rendered":"<ul>\n<li><a href=\"http:\/\/gecousb.com.ve\/index.php\/2017\/04\/04\/como-organizar-los-programas-de-carrera\/\">C\u00f3mo organizar los programas de carrera para certificarlos en DACE<\/a><\/li>\n<li><a href=\"http:\/\/gecousb.com.ve\/index.php\/2016\/07\/05\/conseguir-material-de-estudio-i-libros-de-texto\/\">Conseguir material de estudio (I). Libros de texto<\/a><\/li>\n<li><a href=\"http:\/\/gecousb.com.ve\/index.php\/2018\/02\/09\/que-hacer-durante-lapalabraporp\/\">Qu\u00e9 hacer durante suspensi\u00f3n de clases (A.K.A. la palabra por P).<\/a><\/li>\n<\/ul>\n","protected":false},"excerpt":{"rendered":"<p>C\u00f3mo organizar los programas de carrera para certificarlos en DACE Conseguir material de estudio (I). Libros de texto Qu\u00e9 hacer durante suspensi\u00f3n de clases (A.K.A. la palabra por P).<\/p>\n","protected":false},"author":1,"featured_media":0,"parent":7009,"menu_order":0,"comment_status":"open","ping_status":"open","template":"","meta":[],"categories":[],"tags":[],"_links":{"self":[{"href":"https:\/\/gecousb.com.ve\/index.php\/wp-json\/wp\/v2\/pages\/7323"}],"collection":[{"href":"https:\/\/gecousb.com.ve\/index.php\/wp-json\/wp\/v2\/pages"}],"about":[{"href":"https:\/\/gecousb.com.ve\/index.php\/wp-json\/wp\/v2\/types\/page"}],"author":[{"embeddable":true,"href":"https:\/\/gecousb.com.ve\/index.php\/wp-json\/wp\/v2\/users\/1"}],"replies":[{"embeddable":true,"href":"https:\/\/gecousb.com.ve\/index.php\/wp-json\/wp\/v2\/comments?post=7323"}],"version-history":[{"count":0,"href":"https:\/\/gecousb.com.ve\/index.php\/wp-json\/wp\/v2\/pages\/7323\/revisions"}],"up":[{"embeddable":true,"href":"https:\/\/gecousb.com.ve\/index.php\/wp-json\/wp\/v2\/pages\/7009"}],"wp:attachment":[{"href":"https:\/\/gecousb.com.ve\/index.php\/wp-json\/wp\/v2\/media?parent=7323"}],"wp:term":[{"taxonomy":"category","embeddable":true,"href":"https:\/\/gecousb.com.ve\/index.php\/wp-json\/wp\/v2\/categories?post=7323"},{"taxonomy":"post_tag","embeddable":true,"href":"https:\/\/gecousb.com.ve\/index.php\/wp-json\/wp\/v2\/tags?post=7323"}],"curies":[{"name":"wp","href":"https:\/\/api.w.org\/{rel}","templated":true}]}}