{"id":6426,"date":"2016-05-14T16:49:12","date_gmt":"2016-05-14T16:49:12","guid":{"rendered":"http:\/\/gecousb.com.ve\/?page_id=6426"},"modified":"2016-05-22T03:59:12","modified_gmt":"2016-05-22T03:59:12","slug":"informacion-ing-telecom","status":"publish","type":"page","link":"https:\/\/gecousb.com.ve\/index.php\/carreras-p-z\/ing-telecomunicaciones-2\/informacion-ing-telecom\/","title":{"rendered":"Informaci\u00f3n Ing.Telecom"},"content":{"rendered":"<h3><span style=\"text-decoration: underline;\"><strong>Descripci\u00f3n de la Carrera:<\/strong><\/span><\/h3>\n<p>Un objetivo importante de esta carrera es sus egresados conozcan las tecnolog\u00edas m\u00e1s relevantes del mercado, pero tambi\u00e9n est\u00e9n capacitados para comprender, asimilar y aplicar tecnolog\u00edas nuevas y emergentes como parte de un entorno industrial r\u00e1pidamente cambiante. La carrera de Ingenier\u00eda de Telecomunicaciones en la USB incorpora, en un programa de pregrado de cinco a\u00f1os, cuatro ejes formativos fundamentales:El Ingeniero de Telecomunicaciones de la USB es un profesional de la ingenier\u00eda capaz de planificar, dise\u00f1ar, gestionar y optimizar sistemas de Telecomunicaciones de forma eficaz y eficiente, y en consideraci\u00f3n de aspectos t\u00e9cnicos, econ\u00f3micos, sociales, ambientales y \u00e9ticos. En su desempe\u00f1o profesional, el Ingeniero de Telecomunicaciones de la USB es capaz de integrar conocimientos de los sistemas de telecomunicaciones desde una perspectiva m\u00faltiple: los servicios, las tecnolog\u00edas, los medios de transmisi\u00f3n, las regulaciones nacionales, los est\u00e1ndares internacionales, la gerencia, el uso adecuado de los recursos y la sustentabilidad del desarrollo.<\/p>\n<p>(Fragmento tomado de la p\u00e1gina oficial de la usb).<\/p>\n<h3><span style=\"text-decoration: underline;\"><strong>Centro De Estudiantes De Ingenier\u00eda De Telecomunicaciones:<\/strong><\/span><\/h3>\n<ul>\n<li>Ubicaci\u00f3n:\u00a0En Construcci\u00f3n.<\/li>\n<li>P\u00e1gina:\u00a0<a href=\"http:\/\/ceit.fceusb.org\/\">CEIT<\/a><\/li>\n<li>Correos:\u00a0ceitusb@gmail.com<\/li>\n<li>Twitter:\u00a0\u00a0<a href=\"https:\/\/twitter.com\/CEIT_USB\">@CEIT_USB<\/a><\/li>\n<\/ul>\n<h3><strong><span style=\"text-decoration: underline;\">Coordinaci\u00f3n De Ingenier\u00eda De Telecomunicaciones:<\/span><\/strong><\/h3>\n<ul>\n<li>Ubicaci\u00f3n:\u00a0 Edificio de F\u00edsica y Electr\u00f3nica I (FE1), Piso 3.<\/li>\n<li>P\u00e1gina:\u00a0<a href=\"http:\/\/www.coord-it.profesionales.usb.ve\/\">http:\/\/www.coord-it.profesionales.usb.ve\/<\/a><\/li>\n<li>Correo:\u00a0coord-it@usb.ve<\/li>\n<li>Tel\u00e9fonos:\u00a0(212)-906-3638<\/li>\n<\/ul>\n<p>Para mayor informaci\u00f3n sobre todo lo referente a esta carrera visita la p\u00e1gina del CEIT.<\/p>\n<p>&nbsp;<\/p>\n","protected":false},"excerpt":{"rendered":"<p>Descripci\u00f3n de la Carrera: Un objetivo importante de esta carrera es sus egresados conozcan las tecnolog\u00edas m\u00e1s relevantes del mercado, pero tambi\u00e9n est\u00e9n capacitados para comprender, asimilar y aplicar tecnolog\u00edas nuevas y emergentes como parte de un entorno industrial r\u00e1pidamente cambiante. La carrera de Ingenier\u00eda de Telecomunicaciones en la USB incorpora, en un programa de [&hellip;]<\/p>\n","protected":false},"author":1,"featured_media":0,"parent":2648,"menu_order":0,"comment_status":"open","ping_status":"open","template":"","meta":[],"categories":[],"tags":[],"_links":{"self":[{"href":"https:\/\/gecousb.com.ve\/index.php\/wp-json\/wp\/v2\/pages\/6426"}],"collection":[{"href":"https:\/\/gecousb.com.ve\/index.php\/wp-json\/wp\/v2\/pages"}],"about":[{"href":"https:\/\/gecousb.com.ve\/index.php\/wp-json\/wp\/v2\/types\/page"}],"author":[{"embeddable":true,"href":"https:\/\/gecousb.com.ve\/index.php\/wp-json\/wp\/v2\/users\/1"}],"replies":[{"embeddable":true,"href":"https:\/\/gecousb.com.ve\/index.php\/wp-json\/wp\/v2\/comments?post=6426"}],"version-history":[{"count":0,"href":"https:\/\/gecousb.com.ve\/index.php\/wp-json\/wp\/v2\/pages\/6426\/revisions"}],"up":[{"embeddable":true,"href":"https:\/\/gecousb.com.ve\/index.php\/wp-json\/wp\/v2\/pages\/2648"}],"wp:attachment":[{"href":"https:\/\/gecousb.com.ve\/index.php\/wp-json\/wp\/v2\/media?parent=6426"}],"wp:term":[{"taxonomy":"category","embeddable":true,"href":"https:\/\/gecousb.com.ve\/index.php\/wp-json\/wp\/v2\/categories?post=6426"},{"taxonomy":"post_tag","embeddable":true,"href":"https:\/\/gecousb.com.ve\/index.php\/wp-json\/wp\/v2\/tags?post=6426"}],"curies":[{"name":"wp","href":"https:\/\/api.w.org\/{rel}","templated":true}]}}