{"id":6395,"date":"2016-05-14T16:25:02","date_gmt":"2016-05-14T16:25:02","guid":{"rendered":"http:\/\/gecousb.com.ve\/?page_id=6395"},"modified":"2019-01-15T02:09:32","modified_gmt":"2019-01-15T02:09:32","slug":"informacion-ing-mecanica","status":"publish","type":"page","link":"https:\/\/gecousb.com.ve\/index.php\/carreras-f-o\/ing-mecanica-2\/informacion-ing-mecanica\/","title":{"rendered":"Informaci\u00f3n Ing.Mec\u00e1nica"},"content":{"rendered":"<h3><strong><span style=\"text-decoration: underline;\">Descripci\u00f3n de la Carrera:<\/span><\/strong><\/h3>\n<p>La Ingenier\u00eda Mec\u00e1nica se ocupa del dise\u00f1o y manufactura de m\u00e1quinas y equipos de la m\u00e1s variada \u00edndole, as\u00ed como tambi\u00e9n del dise\u00f1o, desarrollo, instalaci\u00f3n, operaci\u00f3n y mantenimiento de gran cantidad de procesos y plantas industriales.<\/p>\n<p>En la Universidad Sim\u00f3n Bol\u00edvar se pretende formar un profesional universitario con ciertas aptitudes que le permitan ser capaz de crear y optimizar soluciones a situaciones en su entorno, haciendo uso de sus conocimientos, herramientas, criterios, ciencia y tecnolog\u00eda. El egresado de Ingenier\u00eda Mec\u00e1nica, en general, es una persona creativa, vers\u00e1til, curiosa, eficiente, innovadora, intuitiva, segura y capacitada para desenvolverse con \u00e9xito en cualquiera de los campos de aplicaci\u00f3n en donde se pueda desarrollar su vida profesional.<\/p>\n<p>(Fragmento tomado de la p\u00e1gina oficial de la usb).<\/p>\n<h3><span style=\"text-decoration: underline;\"><strong>Centro De Estudiantes De\u00a0Ingenier\u00eda\u00a0Mec\u00e1nica:<\/strong><\/span><\/h3>\n<ul>\n<li>Ubicaci\u00f3n:\u00a0La sala de Lectura de Ingenier\u00eda Mec\u00e1nica est\u00e1 ubicada en el edificio Mec\u00e1nica y Materiales (MEM) en la planta baja. Es el sitio de reuni\u00f3n y estudio de la comunidad de estudiantes de Ingenier\u00eda Mec\u00e1nica.<\/li>\n<li>P\u00e1gina:\u00a0<a href=\"http:\/\/ceimecusb.weebly.com\">CEIMEC<\/a><\/li>\n<li>Correos:\u00a0ceimecanicausb@gmail.com, ceimec@fceusb.org<\/li>\n<li>Twitter:\u00a0\u00a0<a href=\"http:\/\/twitter.com\/?q=ceimec#!\/ceimecusb\">@ceimecusb<\/a><\/li>\n<li>Facebook:\u00a0<a href=\"http:\/\/www.facebook.com\/profile.php?id=100002736261801\">Ceimec USB<\/a><\/li>\n<\/ul>\n<h3><strong><span style=\"text-decoration: underline;\">Coordinaci\u00f3n De Ingenier\u00eda Mec\u00e1nica:<\/span><\/strong><\/h3>\n<ul>\n<li>Ubicaci\u00f3n:\u00a0 Edif. Mecanica y Materiales (MEM), Planta Baja.<\/li>\n<li>P\u00e1gina:\u00a0<a href=\"http:\/\/www.mec.coord.usb.ve\/\">http:\/\/www.mec.coord.usb.ve\/<\/a><\/li>\n<li>Correo:\u00a0Coord-mc@usb.ve<\/li>\n<li>Twitter:\u00a0\u00a0<a href=\"https:\/\/twitter.com\/usb_coord_mc\">@usb_coord_mc<\/a><\/li>\n<li>Tel\u00e9fonos:\u00a0(212)-906-3904\u00a0Extensi\u00f3n:\u00a03904\u00a0Fax:\u00a03905<\/li>\n<\/ul>\n<p>Para mayor informaci\u00f3n sobre todo lo referente a esta carrera, incluyendo el pensum y una descripci\u00f3n de la carrera visita la p\u00e1gina del CEIMEC.<\/p>\n","protected":false},"excerpt":{"rendered":"<p>Descripci\u00f3n de la Carrera: La Ingenier\u00eda Mec\u00e1nica se ocupa del dise\u00f1o y manufactura de m\u00e1quinas y equipos de la m\u00e1s variada \u00edndole, as\u00ed como tambi\u00e9n del dise\u00f1o, desarrollo, instalaci\u00f3n, operaci\u00f3n y mantenimiento de gran cantidad de procesos y plantas industriales. En la Universidad Sim\u00f3n Bol\u00edvar se pretende formar un profesional universitario con ciertas aptitudes que [&hellip;]<\/p>\n","protected":false},"author":1,"featured_media":0,"parent":6379,"menu_order":0,"comment_status":"open","ping_status":"open","template":"","meta":[],"categories":[],"tags":[],"_links":{"self":[{"href":"https:\/\/gecousb.com.ve\/index.php\/wp-json\/wp\/v2\/pages\/6395"}],"collection":[{"href":"https:\/\/gecousb.com.ve\/index.php\/wp-json\/wp\/v2\/pages"}],"about":[{"href":"https:\/\/gecousb.com.ve\/index.php\/wp-json\/wp\/v2\/types\/page"}],"author":[{"embeddable":true,"href":"https:\/\/gecousb.com.ve\/index.php\/wp-json\/wp\/v2\/users\/1"}],"replies":[{"embeddable":true,"href":"https:\/\/gecousb.com.ve\/index.php\/wp-json\/wp\/v2\/comments?post=6395"}],"version-history":[{"count":0,"href":"https:\/\/gecousb.com.ve\/index.php\/wp-json\/wp\/v2\/pages\/6395\/revisions"}],"up":[{"embeddable":true,"href":"https:\/\/gecousb.com.ve\/index.php\/wp-json\/wp\/v2\/pages\/6379"}],"wp:attachment":[{"href":"https:\/\/gecousb.com.ve\/index.php\/wp-json\/wp\/v2\/media?parent=6395"}],"wp:term":[{"taxonomy":"category","embeddable":true,"href":"https:\/\/gecousb.com.ve\/index.php\/wp-json\/wp\/v2\/categories?post=6395"},{"taxonomy":"post_tag","embeddable":true,"href":"https:\/\/gecousb.com.ve\/index.php\/wp-json\/wp\/v2\/tags?post=6395"}],"curies":[{"name":"wp","href":"https:\/\/api.w.org\/{rel}","templated":true}]}}