{"id":6387,"date":"2016-05-14T16:07:37","date_gmt":"2016-05-14T16:07:37","guid":{"rendered":"http:\/\/gecousb.com.ve\/?page_id=6387"},"modified":"2016-12-14T00:28:50","modified_gmt":"2016-12-14T00:28:50","slug":"informacion-organizacion-empresarial","status":"publish","type":"page","link":"https:\/\/gecousb.com.ve\/index.php\/carreras-f-o\/organizacion-empresarial-2\/informacion-organizacion-empresarial\/","title":{"rendered":"Informaci\u00f3n Organizaci\u00f3n Empresarial"},"content":{"rendered":"<h3><strong><span style=\"text-decoration: underline;\">Descripci\u00f3n de la Carrera:<\/span><\/strong><\/h3>\n<p>la Carrera Organizaci\u00f3n Empresarial apunta hacia la tecnificaci\u00f3n de los recursos humanos con capacidad de generaci\u00f3n de empleos, de ah\u00ed que responda a la problem\u00e1tica del avance tecnol\u00f3gico al formar una gesti\u00f3n en las empresas y organizar el trabajo en las mismas.<\/p>\n<p>La productividad y el mantenimiento son dos pilares, entre otros, que permiten el desarrollo sostenido de una sociedad. El primer pilar favorece un \u00f3ptimo aprovechamiento de los recursos involucrados en los procesos productivos de bienes y servicios; el segundo pilar hace posible la conservaci\u00f3n y mejoramiento de la infraestructura existente.<\/p>\n<p>(Fragmento tomado de la p\u00e1gina de la\u00a0coordinaci\u00f3n).<\/p>\n<h2>Sartenejas.<\/h2>\n<h3><strong><span style=\"text-decoration: underline;\">Centro De Estudiantes De Organizaci\u00f3n Empresarial:<\/span><\/strong><\/h3>\n<ul>\n<li>Ubicaci\u00f3n:\u00a0En construcci\u00f3n.<\/li>\n<li>P\u00e1gina:\u00a0<a href=\"http:\/\/ceoe.fceusb.org\/\">CEOE<\/a><\/li>\n<li>Correos:\u00a0ceoe.usb.ve@gmail.com<\/li>\n<li>Twitter:\u00a0<a href=\"https:\/\/twitter.com\/CEOEUSB\">@CEOEUSB<\/a>\u00a0<a href=\"http:\/\/twitter.com\/?q=ceimec#!\/ceimecusb\"><br \/>\n<\/a><\/li>\n<li>Facebook:\u00a0<a href=\"https:\/\/www.facebook.com\/ceoe.usb\">https:\/\/www.facebook.com\/ceoe.usb<\/a><a href=\"http:\/\/www.facebook.com\/profile.php?id=100002736261801\"><br \/>\n<\/a><\/li>\n<\/ul>\n<h3><span style=\"text-decoration: underline;\"><strong>Coordinaci\u00f3n De Organizaci\u00f3n Empresarial:<\/strong><\/span><\/h3>\n<ul>\n<li>Ubicaci\u00f3n:\u00a0Edif. B\u00e1sico I, Piso 1.<\/li>\n<li>P\u00e1gina:\u00a0<a href=\"http:\/\/www.tecnologicos.usb.ve\/?q=org_empresarial\">http:\/\/www.tecnologicos.usb.ve\/?q=org_empresarial<\/a><a href=\"http:\/\/www.mec.coord.usb.ve\/\"><br \/>\n<\/a><\/li>\n<li>Correo:\u00a0coord-prod@usb.ve<\/li>\n<li>Tel\u00e9fonos:\u00a0(212)-906-3380\/3381<\/li>\n<\/ul>\n<p>Para mayor informaci\u00f3n sobre todo lo referente a esta carrera, incluyendo el pensum y una descripci\u00f3n de la carrera visita la p\u00e1gina del CEOE.<\/p>\n<h2>Litoral.<\/h2>\n<h3><strong><span style=\"text-decoration: underline;\">Agrupaci\u00f3n CIDE:<\/span><\/strong><\/h3>\n<ul>\n<li>Ubicaci\u00f3n:<\/li>\n<li>P\u00e1gina:<\/li>\n<li>Correos:\u00a0<a href=\"mailto:cide-sl@usb.ve\">cide-sl@usb.ve<span style=\"color: #0000ff;\"><strong>\u00a0<\/strong><\/span><\/a><strong>\u00a0<\/strong><\/li>\n<li>Twitter:\u00a0<a href=\"http:\/\/twitter.com\/?q=ceimec#!\/ceimecusb\"><br \/>\n<\/a><\/li>\n<li>Facebook:\u00a0<a href=\"https:\/\/www.facebook.com\/cide.litoral\">https:\/\/www.facebook.com\/cide.litoral<\/a><\/li>\n<\/ul>\n<h3><span style=\"text-decoration: underline;\"><strong>Coordinaci\u00f3n De Organizaci\u00f3n Empresarial:<\/strong><\/span><\/h3>\n<ul>\n<li>Ubicaci\u00f3n:\u00a0Valle de Camur\u00ed Grande, Edif. de Aulas, PB.<\/li>\n<li>P\u00e1gina:\u00a0<a href=\"http:\/\/www.tecnologicos.usb.ve\/?q=org_empresarial\">http:\/\/www.tecnologicos.usb.ve\/?q=org_empresarial<\/a><a href=\"http:\/\/www.mec.coord.usb.ve\/\"><br \/>\n<\/a><\/li>\n<li>Correo:\u00a0<a href=\"mailto:coord-amtroe@usb.ve\">coord-admtroe@usb.ve<\/a><\/li>\n<li>Tel\u00e9fonos:\u00a0(212)-906-9132<\/li>\n<\/ul>\n<p>&nbsp;<\/p>\n","protected":false},"excerpt":{"rendered":"<p>Descripci\u00f3n de la Carrera: la Carrera Organizaci\u00f3n Empresarial apunta hacia la tecnificaci\u00f3n de los recursos humanos con capacidad de generaci\u00f3n de empleos, de ah\u00ed que responda a la problem\u00e1tica del avance tecnol\u00f3gico al formar una gesti\u00f3n en las empresas y organizar el trabajo en las mismas. La productividad y el mantenimiento son dos pilares, entre [&hellip;]<\/p>\n","protected":false},"author":1,"featured_media":0,"parent":6385,"menu_order":0,"comment_status":"open","ping_status":"open","template":"","meta":[],"categories":[186],"tags":[],"_links":{"self":[{"href":"https:\/\/gecousb.com.ve\/index.php\/wp-json\/wp\/v2\/pages\/6387"}],"collection":[{"href":"https:\/\/gecousb.com.ve\/index.php\/wp-json\/wp\/v2\/pages"}],"about":[{"href":"https:\/\/gecousb.com.ve\/index.php\/wp-json\/wp\/v2\/types\/page"}],"author":[{"embeddable":true,"href":"https:\/\/gecousb.com.ve\/index.php\/wp-json\/wp\/v2\/users\/1"}],"replies":[{"embeddable":true,"href":"https:\/\/gecousb.com.ve\/index.php\/wp-json\/wp\/v2\/comments?post=6387"}],"version-history":[{"count":0,"href":"https:\/\/gecousb.com.ve\/index.php\/wp-json\/wp\/v2\/pages\/6387\/revisions"}],"up":[{"embeddable":true,"href":"https:\/\/gecousb.com.ve\/index.php\/wp-json\/wp\/v2\/pages\/6385"}],"wp:attachment":[{"href":"https:\/\/gecousb.com.ve\/index.php\/wp-json\/wp\/v2\/media?parent=6387"}],"wp:term":[{"taxonomy":"category","embeddable":true,"href":"https:\/\/gecousb.com.ve\/index.php\/wp-json\/wp\/v2\/categories?post=6387"},{"taxonomy":"post_tag","embeddable":true,"href":"https:\/\/gecousb.com.ve\/index.php\/wp-json\/wp\/v2\/tags?post=6387"}],"curies":[{"name":"wp","href":"https:\/\/api.w.org\/{rel}","templated":true}]}}