{"id":635,"date":"2015-05-03T02:22:57","date_gmt":"2015-05-03T02:22:57","guid":{"rendered":"http:\/\/gecousb.com.ve\/?page_id=635"},"modified":"2018-10-21T04:07:28","modified_gmt":"2018-10-21T04:07:28","slug":"comercio-exterior","status":"publish","type":"page","link":"https:\/\/gecousb.com.ve\/index.php\/carreras-a-e\/comercio-exterior-2\/comercio-exterior\/","title":{"rendered":"Materias Comercio Exterior"},"content":{"rendered":"<p><strong>Primer A\u00f1o:<\/strong><\/p>\n<ul>\n<li><a href=\"http:\/\/gecousb.com.ve\/index.php\/materias\/matematicas-de-carreras-cortas-1-ma-1101\/\">Matem\u00e1ticas 1 (MA-1101)<\/a><\/li>\n<li>Fundamentos\u00a0de Administraci\u00f3n\u00a01 (CE-1112)<\/li>\n<li><a href=\"http:\/\/gecousb.com.ve\/index.php\/matematicas-2-ma-1103\/\">Matem\u00e1ticas 2 (MA-1103)<\/a><\/li>\n<li>Estad\u00edstica 1 (CO-3313)<\/li>\n<li>Fundamentos\u00a0de Administraci\u00f3n\u00a02 (CE-1113)<\/li>\n<li>Fundamentos\u00a0de Derecho (CE-1311)<\/li>\n<li>Fundamentos\u00a0de Econom\u00eda (CE-1211)<\/li>\n<li>Introducci\u00f3n\u00a0a la\u00a0Computaci\u00f3n (CI-1114)<\/li>\n<\/ul>\n<p><strong>Segundo A\u00f1o:<\/strong><\/p>\n<ul>\n<li>Estad\u00edstica 2 (CO-3314)<\/li>\n<li>Contabilidad 1 (CE-1411)<\/li>\n<li>Teor\u00edas\u00a0del\u00a0Comercio Internacional (CE-1513)<\/li>\n<li>Legislaci\u00f3n\u00a0Fiscal (CE-1511)<\/li>\n<li>Legislaci\u00f3n\u00a0Aduanera\u00a0(CE-1514)<\/li>\n<li>Servicio de Transporte de Mercanc\u00eda (PS-1350)<\/li>\n<li>Mercadeo Internacional\u00a0(CE-1515)<\/li>\n<li>Integraci\u00f3n\u00a0Econ\u00f3mica\u00a01\u00a0(CE1516)<\/li>\n<li>Formulaci\u00f3n y Evaluaci\u00f3n de Proyectos\u00a01 (CE-3122)<\/li>\n<li>Sistemas\u00a0de Informaci\u00f3n 1\u00a0(PS-2150)<\/li>\n<li>Nomenclatura Aduanera\u00a0(CE-1524)<\/li>\n<li>Integraci\u00f3n Econ\u00f3mica 2 (CE-1520)<\/li>\n<\/ul>\n<p><strong>Tercer A\u00f1o:<\/strong><\/p>\n<ul>\n<li><a href=\"http:\/\/gecousb.com.ve\/index.php\/materias\/evaluacion-de-proyectos-ce-3122\/\">Formulaci\u00f3n y Evaluaci\u00f3n de Proyectos 2 (CE-3123)<\/a><\/li>\n<li>Promoci\u00f3n\u00a0de Exportaciones\u00a0(CE-1521)<\/li>\n<li>Legislaci\u00f3n\u00a0Laboral (CE-1512)<\/li>\n<li>Principios de Mantenimiento (MC-3691)<\/li>\n<li>Medios de Pagos Internacionales (CE-1522)<\/li>\n<li>Seguro\u00a0de Transporte de Mercanc\u00eda (CE-1523)<\/li>\n<\/ul>\n","protected":false},"excerpt":{"rendered":"<p>Primer A\u00f1o: Matem\u00e1ticas 1 (MA-1101) Fundamentos\u00a0de Administraci\u00f3n\u00a01 (CE-1112) Matem\u00e1ticas 2 (MA-1103) Estad\u00edstica 1 (CO-3313) Fundamentos\u00a0de Administraci\u00f3n\u00a02 (CE-1113) Fundamentos\u00a0de Derecho (CE-1311) Fundamentos\u00a0de Econom\u00eda (CE-1211) Introducci\u00f3n\u00a0a la\u00a0Computaci\u00f3n (CI-1114) Segundo A\u00f1o: Estad\u00edstica 2 (CO-3314) Contabilidad 1 (CE-1411) Teor\u00edas\u00a0del\u00a0Comercio Internacional (CE-1513) Legislaci\u00f3n\u00a0Fiscal (CE-1511) Legislaci\u00f3n\u00a0Aduanera\u00a0(CE-1514) Servicio de Transporte de Mercanc\u00eda (PS-1350) Mercadeo Internacional\u00a0(CE-1515) Integraci\u00f3n\u00a0Econ\u00f3mica\u00a01\u00a0(CE1516) Formulaci\u00f3n y Evaluaci\u00f3n de Proyectos\u00a01 (CE-3122) [&hellip;]<\/p>\n","protected":false},"author":1,"featured_media":0,"parent":6343,"menu_order":0,"comment_status":"open","ping_status":"closed","template":"","meta":[],"categories":[186],"tags":[],"_links":{"self":[{"href":"https:\/\/gecousb.com.ve\/index.php\/wp-json\/wp\/v2\/pages\/635"}],"collection":[{"href":"https:\/\/gecousb.com.ve\/index.php\/wp-json\/wp\/v2\/pages"}],"about":[{"href":"https:\/\/gecousb.com.ve\/index.php\/wp-json\/wp\/v2\/types\/page"}],"author":[{"embeddable":true,"href":"https:\/\/gecousb.com.ve\/index.php\/wp-json\/wp\/v2\/users\/1"}],"replies":[{"embeddable":true,"href":"https:\/\/gecousb.com.ve\/index.php\/wp-json\/wp\/v2\/comments?post=635"}],"version-history":[{"count":0,"href":"https:\/\/gecousb.com.ve\/index.php\/wp-json\/wp\/v2\/pages\/635\/revisions"}],"up":[{"embeddable":true,"href":"https:\/\/gecousb.com.ve\/index.php\/wp-json\/wp\/v2\/pages\/6343"}],"wp:attachment":[{"href":"https:\/\/gecousb.com.ve\/index.php\/wp-json\/wp\/v2\/media?parent=635"}],"wp:term":[{"taxonomy":"category","embeddable":true,"href":"https:\/\/gecousb.com.ve\/index.php\/wp-json\/wp\/v2\/categories?post=635"},{"taxonomy":"post_tag","embeddable":true,"href":"https:\/\/gecousb.com.ve\/index.php\/wp-json\/wp\/v2\/tags?post=635"}],"curies":[{"name":"wp","href":"https:\/\/api.w.org\/{rel}","templated":true}]}}