{"id":23314,"date":"2018-09-21T00:14:08","date_gmt":"2018-09-21T00:14:08","guid":{"rendered":"http:\/\/gecousb.com.ve\/?page_id=23314"},"modified":"2018-09-21T00:14:08","modified_gmt":"2018-09-21T00:14:08","slug":"guias-prof-maria-teresa","status":"publish","type":"page","link":"https:\/\/gecousb.com.ve\/index.php\/guias-prof-maria-teresa\/","title":{"rendered":"Gu\u00edas de la Prof. Mar\u00eda Teresa"},"content":{"rendered":"<ul>\n<li><a href=\"http:\/\/gecousb.com.ve\/wp-content\/uploads\/2018\/09\/MA-1111-Gu\u00eda-1-Prof.-Mar\u00eda-Teresa.pdf\">MA-1111 Gu\u00eda 1 Prof. Mar\u00eda Teresa<\/a><\/li>\n<li><a href=\"http:\/\/gecousb.com.ve\/wp-content\/uploads\/2018\/09\/MA-1111-Gu\u00eda-2-Prof.-Mar\u00eda-Teresa.pdf\">MA-1111 Gu\u00eda 2 Prof. Mar\u00eda Teresa<\/a><\/li>\n<li><a href=\"http:\/\/gecousb.com.ve\/wp-content\/uploads\/2018\/09\/MA-1111-Gu\u00eda-3-Prof.-Mar\u00eda-Teresa.pdf\">MA-1111 Gu\u00eda 3 Prof. Mar\u00eda Teresa<\/a><\/li>\n<li><a href=\"http:\/\/gecousb.com.ve\/wp-content\/uploads\/2018\/09\/MA-1111-Gu\u00eda-4-Prof.-Mar\u00eda-Teresa.pdf\">MA-1111 Gu\u00eda 4 Prof. Mar\u00eda Teresa<\/a><\/li>\n<li><a href=\"http:\/\/gecousb.com.ve\/wp-content\/uploads\/2018\/09\/MA-1111-Gu\u00eda-5-Prof.-Mar\u00eda-Teresa.pdf\">MA-1111 Gu\u00eda 5 Prof. Mar\u00eda Teresa<\/a><\/li>\n<li><a href=\"http:\/\/gecousb.com.ve\/wp-content\/uploads\/2018\/09\/MA-1111-Gu\u00eda-6-Prof.-Mar\u00eda-Teresa.pdf\">MA-1111 Gu\u00eda 6 Prof. Mar\u00eda Teresa<\/a><\/li>\n<li><a href=\"http:\/\/gecousb.com.ve\/wp-content\/uploads\/2018\/09\/MA-1111-Gu\u00eda-7-Prof.-Mar\u00eda-Teresa.pdf\">MA-1111 Gu\u00eda 7 Prof. Mar\u00eda Teresa<\/a><\/li>\n<li><a href=\"http:\/\/gecousb.com.ve\/wp-content\/uploads\/2018\/09\/MA-1111-Gu\u00eda-8-Prof.-Mar\u00eda-Teresa.pdf\">MA-1111 Gu\u00eda 8 Prof. Mar\u00eda Teresa<\/a><\/li>\n<\/ul>\n","protected":false},"excerpt":{"rendered":"<p>MA-1111 Gu\u00eda 1 Prof. Mar\u00eda Teresa MA-1111 Gu\u00eda 2 Prof. Mar\u00eda Teresa MA-1111 Gu\u00eda 3 Prof. Mar\u00eda Teresa MA-1111 Gu\u00eda 4 Prof. Mar\u00eda Teresa MA-1111 Gu\u00eda 5 Prof. Mar\u00eda Teresa MA-1111 Gu\u00eda 6 Prof. Mar\u00eda Teresa MA-1111 Gu\u00eda 7 Prof. Mar\u00eda Teresa MA-1111 Gu\u00eda 8 Prof. Mar\u00eda Teresa<\/p>\n","protected":false},"author":5,"featured_media":0,"parent":0,"menu_order":0,"comment_status":"closed","ping_status":"closed","template":"","meta":[],"categories":[],"tags":[],"_links":{"self":[{"href":"https:\/\/gecousb.com.ve\/index.php\/wp-json\/wp\/v2\/pages\/23314"}],"collection":[{"href":"https:\/\/gecousb.com.ve\/index.php\/wp-json\/wp\/v2\/pages"}],"about":[{"href":"https:\/\/gecousb.com.ve\/index.php\/wp-json\/wp\/v2\/types\/page"}],"author":[{"embeddable":true,"href":"https:\/\/gecousb.com.ve\/index.php\/wp-json\/wp\/v2\/users\/5"}],"replies":[{"embeddable":true,"href":"https:\/\/gecousb.com.ve\/index.php\/wp-json\/wp\/v2\/comments?post=23314"}],"version-history":[{"count":0,"href":"https:\/\/gecousb.com.ve\/index.php\/wp-json\/wp\/v2\/pages\/23314\/revisions"}],"wp:attachment":[{"href":"https:\/\/gecousb.com.ve\/index.php\/wp-json\/wp\/v2\/media?parent=23314"}],"wp:term":[{"taxonomy":"category","embeddable":true,"href":"https:\/\/gecousb.com.ve\/index.php\/wp-json\/wp\/v2\/categories?post=23314"},{"taxonomy":"post_tag","embeddable":true,"href":"https:\/\/gecousb.com.ve\/index.php\/wp-json\/wp\/v2\/tags?post=23314"}],"curies":[{"name":"wp","href":"https:\/\/api.w.org\/{rel}","templated":true}]}}