{"id":15105,"date":"2017-01-15T19:31:51","date_gmt":"2017-01-15T19:31:51","guid":{"rendered":"http:\/\/gecousb.com.ve\/?page_id=15105"},"modified":"2017-01-16T18:27:32","modified_gmt":"2017-01-16T18:27:32","slug":"inscribete","status":"publish","type":"page","link":"https:\/\/gecousb.com.ve\/index.php\/seccion-de-preparadores\/inscribete\/","title":{"rendered":"Inscr\u00edbete"},"content":{"rendered":"<p>\u00a1Preparador! Si es tu deseo tener tu propia secci\u00f3n dentro de la p\u00e1gina solo debes seguir los siguientes pasos.<\/p>\n<ol>\n<li>Inscr\u00edbete llenando el siguiente <a href=\"https:\/\/docs.google.com\/forms\/d\/e\/1FAIpQLSfweQji9v_o3ZGB8ajSMqxFyg9qTTfLCTAdGEGnZeVTyGTITg\/viewform\">form<\/a>. (No olvides leer nuestros &#8220;<a href=\"http:\/\/gecousb.com.ve\/wp-content\/uploads\/2017\/01\/Terminos-y-condiciones-de-uso.pdf\"><em>T\u00e9rminos y condiciones de uso<\/em><\/a>&#8220;).<\/li>\n<li>Espera hasta que alguno de los administradores cree tu usuario y p\u00e1gina personal. (Esto puede tardar hasta 15 d\u00edas acad\u00e9micos).<\/li>\n<li>Te llegar\u00e1 un correo con la confirmaci\u00f3n de la creaci\u00f3n de tu cuenta y \u00a1Listo! ya puedes empezar a editar. (Si no sabes como editar p\u00e1ginas de wordpress solo debes ver nuestros videos tutoriales).<\/li>\n<\/ol>\n<p>\u00bfQu\u00e9 ventajas tiene inscribirte con nosotros?<\/p>\n<ol>\n<li>Tendr\u00e1s tu propia secci\u00f3n en una p\u00e1gina con m\u00e1s de 4000 visitas diarias.<\/li>\n<li>Podr\u00e1s subir los archivos que desees a la p\u00e1gina (de tu propia autoria y que no tengan propaganda de ning\u00fan tipo).<\/li>\n<li>Al tener contacto contigo podremos difundir la informaci\u00f3n de horarios, clases, material, que nos facilites.<\/li>\n<li>De ser solicitado podemos ense\u00f1arte a usar el sistema de wordpress de manera personal.<\/li>\n<li>De ser solicitado podemos ense\u00f1arte a usar LaTex para la realizaci\u00f3n de archivos.<\/li>\n<li>Tendr\u00e1s prioridad al momento que realicemos un taller de preparadur\u00edas.<\/li>\n<\/ol>\n","protected":false},"excerpt":{"rendered":"<p>\u00a1Preparador! Si es tu deseo tener tu propia secci\u00f3n dentro de la p\u00e1gina solo debes seguir los siguientes pasos. Inscr\u00edbete llenando el siguiente form. (No olvides leer nuestros &#8220;T\u00e9rminos y condiciones de uso&#8220;). Espera hasta que alguno de los administradores cree tu usuario y p\u00e1gina personal. (Esto puede tardar hasta 15 d\u00edas acad\u00e9micos). Te llegar\u00e1 [&hellip;]<\/p>\n","protected":false},"author":1,"featured_media":0,"parent":7358,"menu_order":0,"comment_status":"closed","ping_status":"closed","template":"","meta":[],"categories":[],"tags":[],"_links":{"self":[{"href":"https:\/\/gecousb.com.ve\/index.php\/wp-json\/wp\/v2\/pages\/15105"}],"collection":[{"href":"https:\/\/gecousb.com.ve\/index.php\/wp-json\/wp\/v2\/pages"}],"about":[{"href":"https:\/\/gecousb.com.ve\/index.php\/wp-json\/wp\/v2\/types\/page"}],"author":[{"embeddable":true,"href":"https:\/\/gecousb.com.ve\/index.php\/wp-json\/wp\/v2\/users\/1"}],"replies":[{"embeddable":true,"href":"https:\/\/gecousb.com.ve\/index.php\/wp-json\/wp\/v2\/comments?post=15105"}],"version-history":[{"count":0,"href":"https:\/\/gecousb.com.ve\/index.php\/wp-json\/wp\/v2\/pages\/15105\/revisions"}],"up":[{"embeddable":true,"href":"https:\/\/gecousb.com.ve\/index.php\/wp-json\/wp\/v2\/pages\/7358"}],"wp:attachment":[{"href":"https:\/\/gecousb.com.ve\/index.php\/wp-json\/wp\/v2\/media?parent=15105"}],"wp:term":[{"taxonomy":"category","embeddable":true,"href":"https:\/\/gecousb.com.ve\/index.php\/wp-json\/wp\/v2\/categories?post=15105"},{"taxonomy":"post_tag","embeddable":true,"href":"https:\/\/gecousb.com.ve\/index.php\/wp-json\/wp\/v2\/tags?post=15105"}],"curies":[{"name":"wp","href":"https:\/\/api.w.org\/{rel}","templated":true}]}}