{"id":11687,"date":"2016-10-27T23:52:40","date_gmt":"2016-10-27T23:52:40","guid":{"rendered":"http:\/\/gecousb.com.ve\/?page_id=11687"},"modified":"2017-02-15T02:11:04","modified_gmt":"2017-02-15T02:11:04","slug":"materias-lic-comercio-internacional","status":"publish","type":"page","link":"https:\/\/gecousb.com.ve\/index.php\/litoral\/carreras-litoral\/licenciatura-en-comercio-internacional\/materias-lic-comercio-internacional\/","title":{"rendered":"Materias Lic. Comercio Internacional"},"content":{"rendered":"<p><strong>Primer A\u00f1o:<\/strong><\/p>\n<ul>\n<li><a href=\"http:\/\/sl.gecousb.com.ve\/index.php\/matematicas-1-fc-1502\/\">Matem\u00e1ticas 1 (FC-1502)<\/a><\/li>\n<li>Fundamentos de Administraci\u00f3n (TS-1113)<\/li>\n<li>Matem\u00e1ticas 2 (FC-1512)<\/li>\n<li><a href=\"http:\/\/sl.gecousb.com.ve\/index.php\/fisica-1-fc-1513\/\">F\u00edsica 1 (FC-1513)<\/a><\/li>\n<li>Matem\u00e1tica Financiera (FC-3701)<\/li>\n<li>Contabilidad 1 (TS-1724)<\/li>\n<\/ul>\n<p><strong>Segundo A\u00f1o:<\/strong><\/p>\n<ul>\n<li>Fundamentos de Econom\u00eda ()<\/li>\n<li>Contabilidad 2 ()<\/li>\n<li>Fundamentos de Derecho ()<\/li>\n<li>Introducci\u00f3n a las T\u00e9cnicas de Informaci\u00f3n ()<\/li>\n<li>Contabilidad de Costos ()<\/li>\n<li>T\u00e9cnicas de Investigaci\u00f3n Documental ()<\/li>\n<li>Legislaci\u00f3n Fiscal y Financiera 1 ()<\/li>\n<li>Microeconom\u00eda ()<\/li>\n<li>Estad\u00edstica 1 ()<\/li>\n<li>Macroeconom\u00eda ()<\/li>\n<li>Legislaci\u00f3n Fiscal y Financiera 2 ()<\/li>\n<\/ul>\n<p><strong>Tercer A\u00f1o:<\/strong><\/p>\n<ul>\n<li>Estad\u00edstica 2 ()<\/li>\n<li>Teor\u00eda del Comercio Internacional ()<\/li>\n<li>Formulaci\u00f3n y Evaluaci\u00f3n de Proyectos ()<\/li>\n<li>Geoeconom\u00eda Internacional ()<\/li>\n<li>Gesti\u00f3n Empresarial ()<\/li>\n<li>An\u00e1lisis de Estados Financieros ()<\/li>\n<li>Tecnolog\u00eda de la Informaci\u00f3n y Comercio Electr\u00f3nico ()<\/li>\n<li>Derecho Aduanero 1 ()<\/li>\n<li>Formulaci\u00f3n de Proyectos ()<\/li>\n<li>Derecho Aduanero 2 ()<\/li>\n<li>Nomenclatura Aduanera 1 ()<\/li>\n<li>Pol\u00edtica Comercial ()<\/li>\n<\/ul>\n<p><strong>Cuarto A\u00f1o:<\/strong><\/p>\n<ul>\n<li>Finanzas Internacionales ()<\/li>\n<li>Nomenclatura Aduanera 2 ()<\/li>\n<li>Mercadeo Internacional 1 ()<\/li>\n<li>Medios de Pago ()<\/li>\n<li>Derecho Econ\u00f3mico Internacional ()<\/li>\n<li>Clasificaci\u00f3n Arancelaria 1 ()<\/li>\n<li>Integraci\u00f3n Econ\u00f3mica 1 ()<\/li>\n<li>Clasificaci\u00f3n Arancelaria 2 ()<\/li>\n<li>Integraci\u00f3n Econ\u00f3mica 2 ()<\/li>\n<li>Comercializaci\u00f3n y Log\u00edstica Internacional ()<\/li>\n<\/ul>\n<p><strong>Quinto A\u00f1o:<\/strong><\/p>\n<ul>\n<li>T\u00e9cnicas de Negociaci\u00f3n ()<\/li>\n<li>Legislaci\u00f3n y Servicio del Transporte ()<\/li>\n<li>Seguro del Transporte ()<\/li>\n<\/ul>\n","protected":false},"excerpt":{"rendered":"<p>Primer A\u00f1o: Matem\u00e1ticas 1 (FC-1502) Fundamentos de Administraci\u00f3n (TS-1113) Matem\u00e1ticas 2 (FC-1512) F\u00edsica 1 (FC-1513) Matem\u00e1tica Financiera (FC-3701) Contabilidad 1 (TS-1724) Segundo A\u00f1o: Fundamentos de Econom\u00eda () Contabilidad 2 () Fundamentos de Derecho () Introducci\u00f3n a las T\u00e9cnicas de Informaci\u00f3n () Contabilidad de Costos () T\u00e9cnicas de Investigaci\u00f3n Documental () Legislaci\u00f3n Fiscal y Financiera 1 [&hellip;]<\/p>\n","protected":false},"author":10,"featured_media":0,"parent":11673,"menu_order":0,"comment_status":"closed","ping_status":"closed","template":"","meta":[],"categories":[186],"tags":[],"_links":{"self":[{"href":"https:\/\/gecousb.com.ve\/index.php\/wp-json\/wp\/v2\/pages\/11687"}],"collection":[{"href":"https:\/\/gecousb.com.ve\/index.php\/wp-json\/wp\/v2\/pages"}],"about":[{"href":"https:\/\/gecousb.com.ve\/index.php\/wp-json\/wp\/v2\/types\/page"}],"author":[{"embeddable":true,"href":"https:\/\/gecousb.com.ve\/index.php\/wp-json\/wp\/v2\/users\/10"}],"replies":[{"embeddable":true,"href":"https:\/\/gecousb.com.ve\/index.php\/wp-json\/wp\/v2\/comments?post=11687"}],"version-history":[{"count":0,"href":"https:\/\/gecousb.com.ve\/index.php\/wp-json\/wp\/v2\/pages\/11687\/revisions"}],"up":[{"embeddable":true,"href":"https:\/\/gecousb.com.ve\/index.php\/wp-json\/wp\/v2\/pages\/11673"}],"wp:attachment":[{"href":"https:\/\/gecousb.com.ve\/index.php\/wp-json\/wp\/v2\/media?parent=11687"}],"wp:term":[{"taxonomy":"category","embeddable":true,"href":"https:\/\/gecousb.com.ve\/index.php\/wp-json\/wp\/v2\/categories?post=11687"},{"taxonomy":"post_tag","embeddable":true,"href":"https:\/\/gecousb.com.ve\/index.php\/wp-json\/wp\/v2\/tags?post=11687"}],"curies":[{"name":"wp","href":"https:\/\/api.w.org\/{rel}","templated":true}]}}