{"id":10667,"date":"2016-10-27T01:53:06","date_gmt":"2016-10-27T01:53:06","guid":{"rendered":"http:\/\/gecousb.com.ve\/?page_id=10667"},"modified":"2019-02-07T23:04:13","modified_gmt":"2019-02-07T23:04:13","slug":"todas-las-materias","status":"publish","type":"page","link":"https:\/\/gecousb.com.ve\/index.php\/guias-usb\/todas-las-materias\/","title":{"rendered":"Todas las materias"},"content":{"rendered":"<h4>Aqu\u00ed podr\u00e1s encontrar todas las materias que tenemos con material\u00a0en la p\u00e1gina<\/h4>\n<p>Sartenejas:<\/p>\n<h4>A<\/h4>\n<ul>\n<li><a href=\"http:\/\/gecousb.com.ve\/index.php\/materias\/algebra-1-ma-2221\/\">\u00c1lgebra 1 (MA-2221)<\/a><\/li>\n<li><a href=\"http:\/\/gecousb.com.ve\/index.php\/algebra-2-ma-2222\/\">\u00c1lgebra 2 (MA-2222)<\/a><\/li>\n<li><a href=\"http:\/\/gecousb.com.ve\/index.php\/materias\/algebra-3-ma-2223\/\">\u00c1lgebra 3 (MA-2223)<\/a><\/li>\n<li class=\"entry-title main_title\"><a href=\"http:\/\/gecousb.com.ve\/index.php\/algoritmos-geneticos-ec-5723\/\">Algoritmos Gen\u00e9ticos (EC-5723)<\/a><\/li>\n<li><a href=\"http:\/\/gecousb.com.ve\/index.php\/algoritmos-y-estructuras-1-ci-2611\/\">Algoritmos y Estructuras 1 (CI-2611)<\/a><\/li>\n<li class=\"entry-title main_title\"><a href=\"http:\/\/gecousb.com.ve\/index.php\/materias\/algoritmos-y-estructuras-2-ci-2612\/\">Algoritmos y Estructuras 2 (CI-2612)<\/a><\/li>\n<li><a href=\"http:\/\/gecousb.com.ve\/index.php\/algoritmos-y-estructuras-3-ci-2612\/\">Algoritmos y Estructuras 3\u00a0(CI-2613)<\/a><\/li>\n<li><a href=\"http:\/\/gecousb.com.ve\/index.php\/materias\/analisis-de-circuitos-electricos-2-ec-2272\/\">An\u00e1lisis de Circuitos El\u00e9ctricos 2 (EC-2272)<\/a><\/li>\n<\/ul>\n<h4>C<\/h4>\n<ul>\n<li><a href=\"http:\/\/gecousb.com.ve\/index.php\/materias\/calculo-numerico-co-3211\/\">C\u00e1lculo Num\u00e9rico (CO-3211)<\/a><\/li>\n<li><a href=\"http:\/\/gecousb.com.ve\/index.php\/materias\/ciencia-de-los-materiales-1-mt-2511\/\">Ciencia de los Materiales 1 (MT-2511)<\/a><\/li>\n<li><a href=\"http:\/\/gecousb.com.ve\/index.php\/ciencia-de-los-materiales-2-mt-2512\/\">Ciencia de los Materiales 2 (MT-2512)<\/a><\/li>\n<li><a href=\"http:\/\/gecousb.com.ve\/index.php\/materias\/circuitos-digitales-ec-1723\/\">Circuitos Digitales (EC-1723)<\/a><\/li>\n<li><a href=\"http:\/\/gecousb.com.ve\/index.php\/materias\/circuitos-electricos-1-ec-1251\/\">Circuitos El\u00e9ctricos 1 (EC-1251)<\/a>\u00a0\u2013\u00a0<a href=\"http:\/\/gecousb.com.ve\/index.php\/materias\/circuitos-electricos-ec-1211\/\">Circuitos El\u00e9ctricos (EC-1211)<\/a><\/li>\n<li><a href=\"http:\/\/gecousb.com.ve\/index.php\/materias\/circuitos-electronicos-1-ec-1177\/\">Circuitos Electr\u00f3nicos 1 (EC-1177)<\/a>\u00a0\u2013\u00a0<a href=\"http:\/\/gecousb.com.ve\/index.php\/materias\/circuitos-electronicos-ec-1113\/\">Circuitos Electr\u00f3nicos (EC-1113)<\/a><\/li>\n<li><a href=\"http:\/\/gecousb.com.ve\/index.php\/materias\/computacion-1-ci-2125\/\">Computaci\u00f3n 1 (CI-2125)<\/a><\/li>\n<li><a href=\"http:\/\/gecousb.com.ve\/index.php\/materias\/computacion-2-ci-2126\/\">Computaci\u00f3n 2 (CI-2126)<\/a><\/li>\n<li><a href=\"http:\/\/gecousb.com.ve\/index.php\/materias\/computo-cientifico-1-co-2111\/\">C\u00f3mputo Cient\u00edfico 1 (CO-2111)<\/a><\/li>\n<li><a href=\"http:\/\/gecousb.com.ve\/index.php\/materias\/comunicaciones-1-ec-2422\/\">Comunicaciones 1 (EC-2422)<\/a><\/li>\n<li><a href=\"http:\/\/gecousb.com.ve\/index.php\/materias\/comunicaciones-2-ec-3423\/\">Comunicaciones 2 (EC-3423)<\/a><\/li>\n<li><a href=\"http:\/\/gecousb.com.ve\/index.php\/comunicaciones-moviles-ec-4432\/\">Comunicaciones M\u00f3viles (EC-4432)<\/a><\/li>\n<li><a href=\"http:\/\/gecousb.com.ve\/index.php\/materias\/control-de-procesos-1-ps-2319\/\">Control de Procesos 1 (PS-2319)<\/a><\/li>\n<li><a href=\"http:\/\/gecousb.com.ve\/index.php\/materias\/control-de-procesos-2-ps-2320\/\">Control de Procesos 2 (PS-2320)<\/a><\/li>\n<\/ul>\n<h4>D<\/h4>\n<ul>\n<li><a href=\"http:\/\/gecousb.com.ve\/index.php\/materias\/dibujo-mecanico-mc-2131\/\">Dibujo Mec\u00e1nico (MC-2131)<\/a><\/li>\n<li><a href=\"http:\/\/gecousb.com.ve\/index.php\/materias\/dinamica-1-mc-2431\/\">Din\u00e1mica 1 (MC-2431)<\/a><\/li>\n<li><a href=\"http:\/\/gecousb.com.ve\/index.php\/dinamica-2-mc-2432\/\">Din\u00e1mica 2 (MC-2432)<\/a><\/li>\n<li><a href=\"http:\/\/gecousb.com.ve\/index.php\/materias\/dinamica-de-maquinas-mc-2414\/\">Din\u00e1mica de M\u00e1quinas (MC-2414)<\/a><\/li>\n<li><a href=\"http:\/\/gecousb.com.ve\/index.php\/materias\/diseno-de-maquinas-1-mc-4131\/\">Dise\u00f1o de M\u00e1quinas 1 (MC-4131)<\/a><\/li>\n<li><a href=\"http:\/\/gecousb.com.ve\/index.php\/materias\/diseno-de-maquinas-2-mc-4132\/\">Dise\u00f1o de M\u00e1quinas 2 (MC-4132)<\/a><\/li>\n<\/ul>\n<h4>E<\/h4>\n<ul>\n<li><a href=\"http:\/\/gecousb.com.ve\/index.php\/materias\/economia-de-la-empresa-ce-3114\/\">Econom\u00eda de la Empresa (CE-3114)<\/a><\/li>\n<li><a href=\"http:\/\/gecousb.com.ve\/index.php\/materias\/electronica-de-los-sistemas-de-adquisicion-procesamiento-y-control-industrial-2-ec-4179\/\">Electr\u00f3nica de los Sistemas de Adquisici\u00f3n, Procesamiento y Control Industrial 2 (EC-4179)<\/a><\/li>\n<li><a href=\"http:\/\/gecousb.com.ve\/index.php\/estadistica-para-ingenieria-co-3321\/\">Estad\u00edstica (CO-3321)<\/a><\/li>\n<li><a href=\"http:\/\/gecousb.com.ve\/index.php\/estadistica-para-la-calidad-y-productividad-co-4311\/\">Estad\u00edstica para la Calidad y Productividad (CO-4311)<\/a><\/li>\n<li><a href=\"http:\/\/gecousb.com.ve\/index.php\/materias\/estructuras-discretas-1-ci-2525\/\">Estructuras Discretas 1 (CI-2525)<\/a><\/li>\n<li><a href=\"http:\/\/gecousb.com.ve\/index.php\/materias\/estructuras-discretas-2-ci-2526\/\">Estructuras Discretas 2 (CI-2526)<\/a><\/li>\n<li><a href=\"http:\/\/gecousb.com.ve\/index.php\/materias\/estructuras-discretas-3-ci-2527\/\">Estructuras Discretas 3 (CI-2527)<\/a><\/li>\n<li><a href=\"http:\/\/gecousb.com.ve\/index.php\/materias\/evaluacion-de-proyectos-ce-3122\/\">Evaluaci\u00f3n de Proyectos (CE-3122)<\/a><\/li>\n<\/ul>\n<h4>F<\/h4>\n<ul>\n<li><a href=\"http:\/\/gecousb.com.ve\/index.php\/materias\/fenomenos-de-transporte-1-tf-1221\/\">Fen\u00f3menos de Transporte 1 (TF-1221)<\/a><\/li>\n<li><a href=\"http:\/\/gecousb.com.ve\/index.php\/materias\/fenomenos-de-transporte-2-tf-2241\/\">Fen\u00f3menos de Transporte 2 (TF-2241)<\/a><\/li>\n<li><a href=\"http:\/\/gecousb.com.ve\/index.php\/materias\/fenomenos-de-transporte-3-tf-3261\/\">Fen\u00f3menos de Transporte 3 (TF-3261)<\/a><\/li>\n<li><a href=\"http:\/\/gecousb.com.ve\/index.php\/materias\/fisica-1-fs-1111\/\">F\u00edsica 1 (FS-1111)<\/a><\/li>\n<li><a href=\"http:\/\/gecousb.com.ve\/index.php\/materias\/fisica-2-fs-1112\/\">F\u00edsica 2 (FS-1112)<\/a><\/li>\n<li><a href=\"http:\/\/gecousb.com.ve\/index.php\/materias\/fisica-3-fs-2211\/\">F\u00edsica 3 (FS-2211)<\/a><\/li>\n<li><a href=\"http:\/\/gecousb.com.ve\/index.php\/materias\/fisica-4-fs-2212\/\">F\u00edsica 4 (FS-2212)<\/a><\/li>\n<li><a href=\"http:\/\/gecousb.com.ve\/index.php\/materias\/fisica-basica-fs-1163\/\">F\u00edsica B\u00e1sica (FS-1163)<\/a><\/li>\n<li><a href=\"http:\/\/gecousb.com.ve\/index.php\/materias\/fisica-de-las-estructuras-fs-1117\/\">F\u00edsica de las Estructuras (FS-1117)<\/a><\/li>\n<li><a href=\"http:\/\/gecousb.com.ve\/index.php\/fisica-estadistica-2-fs-4112\/\">F\u00edsica Estad\u00edstica 2 (FS-4112)<\/a><\/li>\n<li><a href=\"http:\/\/gecousb.com.ve\/index.php\/materias\/fisicoquimica-2-qm-2512\/\">Fisicoqu\u00edmica (QM-2512)<\/a><\/li>\n<li><a href=\"http:\/\/gecousb.com.ve\/index.php\/materias\/evaluacion-de-proyectos-ce-3122\/\">Formulaci\u00f3n y Evaluaci\u00f3n de Proyectos 2 (CE-3123)<\/a><\/li>\n<\/ul>\n<h4>G<\/h4>\n<ul>\n<li><a href=\"http:\/\/gecousb.com.ve\/index.php\/materias\/geometria-ma-1511\/\">Geometr\u00eda (MA-1511)<\/a><\/li>\n<li><a href=\"http:\/\/gecousb.com.ve\/index.php\/materias\/gerencia-de-proyectos-ce-2562\/\">Gerencia Estrat\u00e9gica de Proyectos (CE-2562)<\/a><\/li>\n<li><a href=\"http:\/\/gecousb.com.ve\/index.php\/materias\/gestion-de-la-produccion-1-ps-4161\/\">Gesti\u00f3n de la Producci\u00f3n 1 (PS-4161)<\/a><\/li>\n<li><a href=\"http:\/\/gecousb.com.ve\/index.php\/materias\/grafos-y-flujos-en-redes-ci-3621\/\">Grafos y Flujos en Redes (CI-3621)<\/a><\/li>\n<\/ul>\n<h4>I<\/h4>\n<ul>\n<li><a href=\"http:\/\/gecousb.com.ve\/index.php\/materias\/ingenieria-de-procesos-ps-3213\/\">Ingenier\u00eda de Procesos (PS-3213)<\/a><\/li>\n<li><a href=\"http:\/\/gecousb.com.ve\/index.php\/materias\/instrumentacion-y-control-ps-1316\/\">Instrumentaci\u00f3n y Control (PS-1316)<\/a><\/li>\n<li><a href=\"http:\/\/gecousb.com.ve\/index.php\/materias\/introduccion-a-la-ingenieria-electrica-ct-1212\/\">Introducci\u00f3n a la Ingenier\u00eda El\u00e9ctrica (CT-1212)<\/a><\/li>\n<li><a href=\"http:\/\/gecousb.com.ve\/index.php\/introduccion-a-las-microondas-y-sus-aplicaciones-ec-5333\/\">Introducci\u00f3n a las Microondas y sus Aplicaciones (EC-5333)<\/a><\/li>\n<\/ul>\n<h4>L<\/h4>\n<ul>\n<li><a href=\"http:\/\/gecousb.com.ve\/index.php\/materias\/lab-mediciones-ec-1281\/\">Laboratorio de Mediciones\u00a0El\u00e9ctricas (EC-1281)<\/a><\/li>\n<li><a href=\"http:\/\/gecousb.com.ve\/index.php\/laboratorio-basico-de-fisica-1-fs-2181\/\">Laboratorio B\u00e1sico de F\u00edsica 1 (FS-2181)<\/a><\/li>\n<li><a href=\"http:\/\/gecousb.com.ve\/index.php\/laboratorio-de-algoritmos-y-estructuras-3-ci-2693\/\">Laboratorio de Algoritmos y Estructuras 3 (CI-2693)<\/a><\/li>\n<li><a href=\"http:\/\/gecousb.com.ve\/index.php\/quimica-general-1-qm-1121\/\">Laboratorio de Qu\u00edmica General 1 (QM-1181)<\/a><\/li>\n<li><a href=\"http:\/\/gecousb.com.ve\/index.php\/materias\/logica-simbolica-ci-2511\/\">L\u00f3gica Simb\u00f3lica (CI-2511)<\/a><\/li>\n<\/ul>\n<h4>M<\/h4>\n<ul>\n<li><a href=\"http:\/\/gecousb.com.ve\/index.php\/manejo-automatizado-de-materiales-ps-4350\/\">Manejo Automatizado de Materiales (PS-4350)<\/a><\/li>\n<li><a href=\"http:\/\/gecousb.com.ve\/index.php\/materias\/matematicas-1-ma-1111\/#\">Matem\u00e1ticas 1 (MA-1111)<\/a>\/ <a href=\"http:\/\/gecousb.com.ve\/index.php\/materias\/matematicas-de-honor-1-ma-1121\/\">Matem\u00e1ticas de honor 1 (MA-1121)<\/a>\/<a href=\"http:\/\/gecousb.com.ve\/index.php\/materias\/matematicas-de-carreras-cortas-1-ma-1101\/\">Matem\u00e1ticas 1 (MA-1101)<\/a><\/li>\n<li><a href=\"http:\/\/gecousb.com.ve\/index.php\/materias\/matematicas-2-ma-1112\/\">Matem\u00e1ticas 2 (MA-1112)<\/a>\/ <a href=\"http:\/\/gecousb.com.ve\/index.php\/materias\/matematicas-de-honor-2-ma-1122\/\">Matem\u00e1ticas de honor 2 (MA-1122)<\/a>\/<a href=\"http:\/\/gecousb.com.ve\/index.php\/matematicas-2-industrial-ma-1104\/\">Matem\u00e1ticas 2 (MA-1104)<\/a><\/li>\n<li><a href=\"http:\/\/gecousb.com.ve\/index.php\/materias\/matematicas-3-ma-1116\/\">Matem\u00e1ticas 3 (MA-1116)<\/a>\/ <a href=\"http:\/\/gecousb.com.ve\/index.php\/materias\/matematicas-de-honor-3-ma-1123\/\">Matem\u00e1ticas de honor 3 (MA-1123)<\/a><\/li>\n<li><a href=\"http:\/\/gecousb.com.ve\/index.php\/materias\/matematicas-4-ma-2115\/\">Matem\u00e1ticas 4 (MA-2115)<\/a><\/li>\n<li><a href=\"http:\/\/gecousb.com.ve\/index.php\/materias\/matematicas-5-ma-2112\/\">Matem\u00e1ticas 5 (MA-2112)<\/a><\/li>\n<li><a href=\"http:\/\/gecousb.com.ve\/index.php\/materias\/matematicas-6-ma-2113\/\">Matem\u00e1ticas 6 (MA-2113)<\/a><\/li>\n<li><a href=\"http:\/\/gecousb.com.ve\/index.php\/materias\/matematicas-7-ma-3111\/\">Matem\u00e1ticas 7 (MA-3111)<\/a><\/li>\n<li><a href=\"http:\/\/gecousb.com.ve\/index.php\/matematicas-discretas-ma-3421\/\">Matem\u00e1ticas Discretas (MA-3421)<\/a><\/li>\n<li><a href=\"http:\/\/gecousb.com.ve\/index.php\/materiales-mt-1113\/\">Materiales (MT-1113)<\/a><\/li>\n<li><a href=\"http:\/\/gecousb.com.ve\/index.php\/materias\/mecanica-computacional-1-mc-2421\/\">Mec\u00e1nica Computacional 1 (MC-2421)<\/a><\/li>\n<li><a href=\"http:\/\/gecousb.com.ve\/index.php\/materias\/mecanica-computacional-2-mc-2422\/\">Mec\u00e1nica Computacional 2\u00a0(MC-2422)<\/a><\/li>\n<li><a href=\"http:\/\/gecousb.com.ve\/index.php\/materias\/mecanica-de-fluidos-1-mc-2312\/\">Mec\u00e1nica de Fluidos 1 (MC-2312)<\/a><\/li>\n<li><a href=\"http:\/\/gecousb.com.ve\/index.php\/materias\/mecanica-de-fluidos-3-mc-2314\/\">Mec\u00e1nica de Fluidos 3 (MC-2314)<\/a><\/li>\n<li><a href=\"http:\/\/gecousb.com.ve\/index.php\/materias\/mecanica-de-materiales-1-mc-2141\/\">Mec\u00e1nica de Materiales 1 (MC-2141)<\/a><\/li>\n<li><a href=\"http:\/\/gecousb.com.ve\/index.php\/materias\/mecanica-de-materiales-2-mc-2142\/\">Mec\u00e1nica de Materiales 2 (MC-2142)<\/a><\/li>\n<li><a href=\"http:\/\/gecousb.com.ve\/index.php\/materias\/mecanica-de-materiales-3-mc-2143\/\">Mec\u00e1nica de Materiales 3 (MC-2143)<\/a><\/li>\n<li><a href=\"http:\/\/gecousb.com.ve\/index.php\/materias\/metodos-aproximados-en-ingenieria-quimica-tf-1313\/\">M\u00e9todos Aproximados en Ingenier\u00eda Qu\u00edmica (TF-1313)<\/a><\/li>\n<li><a href=\"http:\/\/gecousb.com.ve\/index.php\/microeconomia-ce-2111\/\">Microeconom\u00eda (CE-2111)<\/a><\/li>\n<li><a href=\"http:\/\/gecousb.com.ve\/index.php\/modelos-lineales-enteros-y-de-intervalos-ps-4112\/\">Modelos Lineales Enteros y de Intervalos (PS-4112)<\/a><\/li>\n<\/ul>\n<h4>O<\/h4>\n<ul>\n<li><a href=\"http:\/\/gecousb.com.ve\/index.php\/materias\/organizacion-del-computador-ci-3815\/\">Organizaci\u00f3n del Computador (CI-3815)<\/a><\/li>\n<\/ul>\n<h4>P<\/h4>\n<ul>\n<li><a href=\"http:\/\/gecousb.com.ve\/index.php\/principios-de-biofisica-y-bioingenieria-pb-6623\/\">Principios De Biof\u00edsica y Bioingenier\u00eda (PB-6623)<\/a><\/li>\n<li class=\"entry-title main_title\"><a href=\"http:\/\/gecousb.com.ve\/index.php\/materias\/probabilidades-para-ingenieros-co-3121\/\">Probabilidades para Ingenieros (CO-3121)<\/a><\/li>\n<li><a href=\"http:\/\/gecousb.com.ve\/index.php\/problemas-de-ingenieria-quimica-tf-2314\/\">Problemas de Ingenier\u00eda Qu\u00edmica (TF-2314)<\/a><\/li>\n<li><a href=\"http:\/\/gecousb.com.ve\/index.php\/procesamiento-de-senales-biomedicas-ec-6472\/\">Procesamiento De Se\u00f1ales Biom\u00e9dicas (EC-6472)<\/a><\/li>\n<li><a href=\"http:\/\/gecousb.com.ve\/index.php\/procesos-de-fabricacion-1-mc-3611\/\">Procesos de Fabricaci\u00f3n\u00a01 (MC-3611)<\/a><\/li>\n<li><a href=\"http:\/\/gecousb.com.ve\/index.php\/materias\/procesos-de-fabricacion-2-mc-3612\/\">Procesos de Fabricaci\u00f3n 2 (MC-3612)<\/a><\/li>\n<li><a href=\"http:\/\/gecousb.com.ve\/index.php\/materias\/procesos-de-separacion-1-tf-3331\/\">Procesos de Separaci\u00f3n 1 (TF-3331)<\/a><\/li>\n<li><a href=\"http:\/\/gecousb.com.ve\/index.php\/materias\/procesos-de-separacion-2-tf-3332\/\">Procesos de Separaci\u00f3n 2 (TF-3332)<\/a><del><\/del><\/li>\n<li><a href=\"http:\/\/gecousb.com.ve\/index.php\/procesos-quimicos-industriales-ps-2213\/\">Procesos Qu\u00edmicos Industriales (PS-2213)<\/a><\/li>\n<\/ul>\n<h4>Q<\/h4>\n<ul>\n<li><a href=\"http:\/\/gecousb.com.ve\/index.php\/materias\/quimica-general-1-qm-1121\/\">Qu\u00edmica General 1 (QM-1121)<\/a><\/li>\n<li><a href=\"http:\/\/gecousb.com.ve\/index.php\/materias\/quimica-general-2-qm-1122\/\">Qu\u00edmica General 2 (QM-1122)<\/a><\/li>\n<li><a href=\"http:\/\/gecousb.com.ve\/index.php\/materias\/quimica-general-3-qm-1123\/\">Qu\u00edmica General 3 (QM-1123)<\/a><\/li>\n<li><a href=\"http:\/\/gecousb.com.ve\/index.php\/materias\/quimica-organica-para-im-qm-2427\/\">Qu\u00edmica Org\u00e1nica (QM-2427)<\/a><\/li>\n<li><a href=\"http:\/\/gecousb.com.ve\/index.php\/materias\/quimica-organica-1-qm-2421\/\">Qu\u00edmica Org\u00e1nica 1 (QM-2421)<\/a><\/li>\n<\/ul>\n<h4>R<\/h4>\n<ul>\n<li><a href=\"http:\/\/gecousb.com.ve\/index.php\/materias\/reactores-quimicos-tf-3341\/\">Reactores Qu\u00edmicos (TF-3341)<\/a><\/li>\n<li><a href=\"http:\/\/gecousb.com.ve\/index.php\/redes-neuronales-ec-5721\/\">Redes Neuronales (EC-5721)<\/a><\/li>\n<li><a href=\"http:\/\/gecousb.com.ve\/index.php\/robotica-ec-3514\/\">Rob\u00f3tica (EC-3514)<\/a><\/li>\n<\/ul>\n<h4>S<\/h4>\n<ul>\n<li><a href=\"http:\/\/gecousb.com.ve\/index.php\/sistemas-ps-2315\">Sistemas (PS-2315)<\/a><\/li>\n<li><a href=\"http:\/\/gecousb.com.ve\/index.php\/sistemas-avanzados-de-manufactura-mc-3627\/\">Sistemas Avanzados de Manufactura (MC-3627)<\/a><\/li>\n<li><a href=\"http:\/\/gecousb.com.ve\/index.php\/sistemas-de-control-ps-4313\/\">Sistemas de Control (PS-4313)<\/a><\/li>\n<li><a href=\"http:\/\/gecousb.com.ve\/index.php\/guias-usb\/todas-las-materias\/sistemas-de-control-1-ps-2322\/\">Sistemas de Control 1 (PS-2322)<\/a><\/li>\n<li><a href=\"http:\/\/gecousb.com.ve\/index.php\/guias-usb\/todas-las-materias\/sistemas-de-control-2-ps-2323\/\">Sistemas de Control 2 (PS-2323)<\/a><\/li>\n<li><a href=\"http:\/\/gecousb.com.ve\/index.php\/materias\/sistemas-electricos-1-ct-3231\/\">Sistemas El\u00e9ctricos 1 (CT-3231)<\/a><\/li>\n<li><a href=\"http:\/\/gecousb.com.ve\/index.php\/sistemas-electronicos-industriales-1-ec-2111\/\">Sistemas Electr\u00f3nicos Industriales 1 (EC-2111)<\/a><\/li>\n<li><a href=\"http:\/\/gecousb.com.ve\/index.php\/sistemas-electronicos-industriales-2-ec-2112\/\">Sistemas Electr\u00f3nicos Industriales 2 (EC-2112)<\/a><\/li>\n<\/ul>\n<h4>T<\/h4>\n<ul>\n<li><a href=\"http:\/\/gecousb.com.ve\/index.php\/materias\/teoria-de-ondas-ec-2322\/\">Teor\u00eda de Ondas (EC-2322)<\/a><\/li>\n<li><a href=\"http:\/\/gecousb.com.ve\/index.php\/materias\/teoria-electromagnetica-ec-1311\/\">Teor\u00eda Electromagn\u00e9tica (EC-1311)<\/a><\/li>\n<li><a href=\"http:\/\/gecousb.com.ve\/index.php\/materias\/termodinamica-1-tf-1121\/\">Termodin\u00e1mica 1 (TF-1121)<\/a><\/li>\n<li><a href=\"http:\/\/gecousb.com.ve\/index.php\/materias\/termodinamica-2-tf-2123\/\">Termodin\u00e1mica 2 (TF-2123)<\/a><\/li>\n<li><a href=\"http:\/\/gecousb.com.ve\/index.php\/materias\/termodinamica-2-tf-2323\/\">Termodin\u00e1mica 2 IQ(TF-2323)<\/a><\/li>\n<li><a href=\"http:\/\/gecousb.com.ve\/index.php\/materias\/traductores-e-interpretadores-ci-3725\/\">Traductores e Interpretadores (CI-3725)<\/a><\/li>\n<li><a href=\"http:\/\/gecousb.com.ve\/index.php\/materias\/transferencia-de-calor-1-tf-2251\/\">Transferencia De Calor 1 (TF-2251)<\/a><\/li>\n<li><a href=\"http:\/\/gecousb.com.ve\/index.php\/materias\/transferencia-de-calor-2-tf-2252\/\">Transferencia De Calor 2 (TF-2252)<\/a><\/li>\n<li><a href=\"http:\/\/gecousb.com.ve\/index.php\/turbomaquinas-hidraulicas-ct-3411\/\">Turbom\u00e1quinas Hidr\u00e1ulicas (CT-3411)<\/a><\/li>\n<li><a href=\"http:\/\/gecousb.com.ve\/index.php\/materias\/turbomaquinas-termicas-ct-3412\/\">Turbom\u00e1quinas T\u00e9rmicas (CT-3412)<\/a><\/li>\n<\/ul>\n<h4>V<\/h4>\n<ul>\n<li><a href=\"http:\/\/gecousb.com.ve\/index.php\/materias\/vibraciones-mecanicas-mc-2415\/\">Vibraciones Mec\u00e1nicas (MC-2415)<\/a><\/li>\n<\/ul>\n<h4>\u00a0Litoral:<\/h4>\n<h4>C<\/h4>\n<ul>\n<li><a href=\"http:\/\/sl.gecousb.com.ve\/index.php\/calidad-total-ts-3435\/\">Calidad Total (TS-3435)<\/a><\/li>\n<li><a href=\"http:\/\/sl.gecousb.com.ve\/index.php\/contabilidad-1-ts-1721\/\">Contabilidad 1 (TS-1721)<\/a><\/li>\n<\/ul>\n<h4>E<\/h4>\n<ul>\n<li><a href=\"http:\/\/sl.gecousb.com.ve\/index.php\/estadistica-2-fc-1623\/\">Estad\u00edstica 2 (FC-1623)<\/a><\/li>\n<\/ul>\n<h4>F<\/h4>\n<ul>\n<li><a href=\"http:\/\/sl.gecousb.com.ve\/index.php\/fisica-1-fc-1513\/\">F\u00edsica 1 (FC-1513)<\/a><\/li>\n<\/ul>\n<h4>I<\/h4>\n<ul>\n<li><a href=\"http:\/\/sl.gecousb.com.ve\/index.php\/integracion-economica-1-ts-2530\/\">Integraci\u00f3n Econ\u00f3mica 1 (TS-2530)<\/a><\/li>\n<\/ul>\n<h4>M<\/h4>\n<ul>\n<li><a href=\"http:\/\/sl.gecousb.com.ve\/index.php\/matematicas-1-fc-1129\/\">Matem\u00e1ticas 1 (FC-1129)<\/a>\u00a0\/ <a href=\"http:\/\/sl.gecousb.com.ve\/index.php\/matematicas-1-fc-1502\/\">Matem\u00e1ticas 1 (FC-1502)<\/a><\/li>\n<li><a href=\"http:\/\/sl.gecousb.com.ve\/index.php\/matematicas-2-fc-1229\/\">Matem\u00e1ticas 2 (FC-1229)<\/a><\/li>\n<li><a href=\"http:\/\/sl.gecousb.com.ve\/index.php\/metodos-y-tiempos-ts-2440\/\">M\u00e9todos y Tiempos (TS-2440)<\/a><\/li>\n<\/ul>\n<h4>S<\/h4>\n<ul>\n<li><a href=\"http:\/\/sl.gecousb.com.ve\/index.php\/sistemas-y-procedimientos-ts-2439\/\">Sistemas y Procedimientos (TS-2439)<\/a><\/li>\n<\/ul>\n<h4>T<\/h4>\n<ul>\n<li><a href=\"http:\/\/sl.gecousb.com.ve\/index.php\/teoria-del-comercio-internacional-ts-2526\/\">Teor\u00eda del Comercio Internacional (TS-2526)<\/a><\/li>\n<\/ul>\n<h4>V<\/h4>\n","protected":false},"excerpt":{"rendered":"<p>Aqu\u00ed podr\u00e1s encontrar todas las materias que tenemos con material\u00a0en la p\u00e1gina Sartenejas: A \u00c1lgebra 1 (MA-2221) \u00c1lgebra 2 (MA-2222) \u00c1lgebra 3 (MA-2223) Algoritmos Gen\u00e9ticos (EC-5723) Algoritmos y Estructuras 1 (CI-2611) Algoritmos y Estructuras 2 (CI-2612) Algoritmos y Estructuras 3\u00a0(CI-2613) An\u00e1lisis de Circuitos El\u00e9ctricos 2 (EC-2272) C C\u00e1lculo Num\u00e9rico (CO-3211) Ciencia de los Materiales 1 [&hellip;]<\/p>\n","protected":false},"author":1,"featured_media":0,"parent":612,"menu_order":0,"comment_status":"open","ping_status":"open","template":"","meta":[],"categories":[],"tags":[],"_links":{"self":[{"href":"https:\/\/gecousb.com.ve\/index.php\/wp-json\/wp\/v2\/pages\/10667"}],"collection":[{"href":"https:\/\/gecousb.com.ve\/index.php\/wp-json\/wp\/v2\/pages"}],"about":[{"href":"https:\/\/gecousb.com.ve\/index.php\/wp-json\/wp\/v2\/types\/page"}],"author":[{"embeddable":true,"href":"https:\/\/gecousb.com.ve\/index.php\/wp-json\/wp\/v2\/users\/1"}],"replies":[{"embeddable":true,"href":"https:\/\/gecousb.com.ve\/index.php\/wp-json\/wp\/v2\/comments?post=10667"}],"version-history":[{"count":0,"href":"https:\/\/gecousb.com.ve\/index.php\/wp-json\/wp\/v2\/pages\/10667\/revisions"}],"up":[{"embeddable":true,"href":"https:\/\/gecousb.com.ve\/index.php\/wp-json\/wp\/v2\/pages\/612"}],"wp:attachment":[{"href":"https:\/\/gecousb.com.ve\/index.php\/wp-json\/wp\/v2\/media?parent=10667"}],"wp:term":[{"taxonomy":"category","embeddable":true,"href":"https:\/\/gecousb.com.ve\/index.php\/wp-json\/wp\/v2\/categories?post=10667"},{"taxonomy":"post_tag","embeddable":true,"href":"https:\/\/gecousb.com.ve\/index.php\/wp-json\/wp\/v2\/tags?post=10667"}],"curies":[{"name":"wp","href":"https:\/\/api.w.org\/{rel}","templated":true}]}}